+ 2*f = 1 + 11. Let a be 9 + 2 - 1*t. Let b = 18 - a. What is s(b)?
-8
Let z(c) = -c**3 + c**2 + c. Let n(o) = -6*o**3 + 10*o - 3. Let j(w) = -n(w) + 5*z(w). Determine j(-6).
-3
Let j(y) = -3*y + 12. Let d be j(6). Let m(h) be the third derivative of 0 + 0*h - 7/24*h**4 - 2*h**2 - 1/60*h**5 + 0*h**3. What is m(d)?
6
Let t(c) = 12*c**2 - 3 + 0*c - 10*c**2 - 2*c - c. Give t(-3).
24
Let j(x) = -5*x**3 - 3*x**2 + x. Let w(c) = -c**3 - c**2. Let y(s) = j(s) - w(s). Let p = -610 + 611. What is y(p)?
-5
Let s(n) be the first derivative of 11*n**2/2 + n + 2. Let x = -3 - -2. Let u = x + 0. Give s(u).
-10
Let l(v) = -v**3 - 5*v**2 + 6*v - 5. Let k(m) = m - 1. Let c be k(-5). Give l(c).
-5
Suppose 12 = l + 3*l. Let s(z) = -z**3 + z**2. Let m(c) = 4*c**3 + c**2 - 3*c + 3. Let j(h) = l*s(h) + m(h). Determine j(-5).
-7
Let m(y) be the second derivative of -y**4/12 + 3*y**3/2 - 4*y**2 - 11*y. Calculate m(7).
6
Suppose 0 = -5*s - 10, 0 = r + s + 3*s + 12. Let v(p) be the third derivative of p**5/60 + p**4/8 - p**3/6 - 2*p**2. Give v(r).
3
Let p(x) be the first derivative of -x**3/3 - 3*x**2/2 + x + 63. Suppose 5*k = -3*b - 4, -5*k + 3*b - 10 = 6. Calculate p(k).
3
Let x(o) = -o**2 - 3*o + 2. Let r be x(-3). Suppose -r*g = -7*g - 10. Let j(k) be the first derivative of -k**3 - 3*k**2/2 - k - 51. Give j(g).
-7
Let k(f) = f. Let o be (0 - 1/(-2))*14. Let n = o - 1. Determine k(n).
6
Let s be 6/27 - (-29)/(-9). Let i(z) be the third derivative of -z**4/24 + z**3/6 - z**2. Calculate i(s).
4
Let s(a) be the first derivative of a**2/2 - 3*a - 1. Let h be s(6). Let j be 5/2*(-5 + h). Let t(z) = -2*z - 2. Give t(j).
8
Let l = 5 - 2. Let f(k) be the second derivative of -1/12*k**4 - 1/6*k**l + 0 - k**2 + k. Calculate f(-3).
-8
Let o(d) = d**3 + 5*d**2 - 7*d. Let l(w) = -w**2 + 1. Let n(q) = 7*q**2 - 9*q - 6. Let c(s) = 6*l(s) + n(s). Let i be c(8). Let g = 2 + i. Give o(g).
6
Let z(c) = -3*c. Let j(x) = -x. Let a(l) = 5*j(l) - z(l). Suppose 2*q - 3*q + 3 = 0. Suppose -4 = -q*b + 5*b. What is a(b)?
4
Suppose -2*g + 2 = -q + 3, -2*g + 5*q - 5 = 0. Let d(b) be the second derivative of b**5/20 - b**4/12 + b**3/6 + 3*b**2 + 26*b. Give d(g).
6
Let b(m) = 6 - 3 - 2*m - 5. Give b(-6).
10
Let q = 2 - -3. Let j(d) be the third derivative of -2*d**2 - 1/4*d**4 + 0*d + 1/6*d**3 + 0 + 1/60*d**q. Give j(5).
-4
Let v(t) be the third derivative of t**5/60 - 5*t**4/24 - 2*t**2. Let x be (-33)/(-7) + (-4)/(-14). Determine v(x).
0
Suppose 3*b = -4*b - 7. Let t(y) = 6*y**2 + y. Calculate t(b).
5
Let o(j) = -4 + 2 - 2*j - 3*j + 4*j. Give o(0).
-2
Let x(q) = -3*q**3 + q + 2. Let y(k) = -6*k**3 + 2*k + 4. Let w(c) = 11*x(c) - 6*y(c). Determine w(-2).
-24
Let u(g) be the second derivative of -2*g**3/3 - 3*g**2/2 + 3*g. What is u(-2)?
5
Let x(m) = m**2 + m - 11. Let b be 0 - (0/(-2))/(-1). Suppose 0 = a - b*a. Determine x(a).
-11
Let u(y) be the first derivative of y**6/120 + 7*y**5/60 + 7*y**4/24 + y**3/6 + 7*y**2/2 - 2. Let r(c) be the second derivative of u(c). Calculate r(-6).
-5
Let n(c) = -c + 8. Let d be n(5). Let x(u) = 1 - 2 - d*u + 3 + 1 + u**2. Determine x(2).
1
Let v(l) = 6*l + 2 + l**2 + 2*l + 2. Give v(-7).
-3
Suppose -7 = -5*r - 2*z, -3*z = -5*r + 2*z. Let q(x) = -5 + 5*x + x**2 + 2 + r. Determine q(-5).
-2
Let p(x) = -3*x**2 - 8*x + 1. Let u(w) = -9*w**2 - 23*w + 2. Let b(s) = -11*p(s) + 4*u(s). Suppose 0 = r + r + 18. Let y = 7 + r. Give b(y).
-7
Let g(w) be the third derivative of 0*w - 1/30*w**5 + 6*w**2 - 1/24*w**4 + 1/30*w**6 + 0 + 0*w**3. Let d = 2 + -3. Calculate g(d).
-5
Let v(n) be the second derivative of -n**3/3 - 9*n**2/2 + 37*n. Determine v(-6).
3
Let o(h) = -h**2 + 3*h + h + 5 + 0*h + 2*h**2. Calculate o(-5).
10
Let p(c) = c**2 + c + 11. Let r = -19 - -19. What is p(r)?
11
Let i be (-7 - -1)*(5 + 51/(-9)). Let r(p) be the second derivative of -2/3*p**3 - 1/20*p**5 + 3*p + 3/2*p**2 + 1/3*p**i + 0. What is r(2)?
3
Suppose -4*a = 2 - 14. Let t = -2 + a. Let i(d) = 4 - d**3 - t + 3*d**2 + 5*d + 0*d**2. Give i(4).
7
Let w(k) be the second derivative of 1/4*k**4 + 0*k**2 - 2*k - 1/360*k**6 + 0 + 1/6*k**3 + 1/30*k**5. Let q(z) be the second derivative of w(z). Determine q(5).
1
Let h(u) = u**2 + 4*u - 7. Let a be h(-8). Let n = -17 + a. Let f(r) = r - 5. Let v be f(n). Let q(c) = c - 2. What is q(v)?
1
Let s(m) = -5*m + 3. Suppose 4*t + 8 + 8 = 0. Let z = 5 + t. Let w be 1/z - 2 - -3. What is s(w)?
-7
Let s(q) be the second derivative of q**5/10 - q**4/6 + q**2/2 + 2*q. Calculate s(-1).
-3
Let k(m) = -m**2 + m - 3. Let j = 5 - 2. Let g be (-3)/(-3) - (-6)/j. What is k(g)?
-9
Let y(o) be the first derivative of o**2/2 + o + 24. Determine y(-1).
0
Let k(j) = j**3 + 6*j**2 - j - 2. Let y be k(-6). Let t = y + -5. Let m(q) = -10*q**3 - q - 1. Calculate m(t).
10
Let u(o) = -o - 11. Let r = 15 + -21. Let h be u(r). Let k(b) be the third derivative of b**5/60 + 5*b**4/24 - b**3 - 26*b**2. Determine k(h).
-6
Let m be 216/21 - 2/7. Let r(k) = -2*k + 4 - 7 + m. Determine r(5).
-3
Let a(j) be the first derivative of -3*j**2/2 - 2*j - 15. Give a(-3).
7
Let q(m) = -m + 2. Let u be q(-1). Suppose -u*b + 12 = -0*b. Let o(a) = -a**2 + 2*a + 2. What is o(b)?
-6
Let d = -4 + 6. Let p(y) = -2 + 0*y**2 + y**2 - 5*y**3 + 1 - 2*y**d - 2*y. Let l = 5 + -6. Calculate p(l).
5
Let o(x) = -3*x**2 + 2 - 3 - x + 5*x**2 + x**2. Let y be (-1)/(0 + 2 - 1). What is o(y)?
3
Let x(t) be the first derivative of -4 + 1/2*t**2 - 5*t + 4/3*t**3 - 1/4*t**4. What is x(4)?
-1
Let x(g) = -2*g - 3. Let w = -8 - -10. Suppose w*t = t, 5*t + 8 = -f. Let k be ((-20)/f)/(1/(-2)). Calculate x(k).
7
Let z(f) be the third derivative of f**4/12 - f**3/6 - 9*f**2. Let s(t) = t + 4. Let c be s(-3). Calculate z(c).
1
Let z(q) = q + 5 + 0*q + 5 - 5. Let v be z(-9). Let r(g) = g**2 + 7*g. Give r(v).
-12
Let t(s) be the third derivative of -s**4/24 + 5*s**3/6 - 2*s**2. Suppose 7 = 5*w + 3*q + 30, 2*w = -q - 10. Let m = -3 - w. Determine t(m).
1
Let a(f) = f. Let t(m) = -m**2 - 7*m - 4. Let y(i) = a(i) + t(i). Let x(q) = 7*q + 1. Let z(s) = -s**2 + 6*s - 6. Let k be z(5). Let c be x(k). What is y(c)?
-4
Suppose -5*p + k = 27, 15 = -7*p + 3*p + 3*k. Let z = p + 8. Let w(t) = 4*t - t**3 - t**3 - 5 - 5*t**2 + t**3 + 8*t**z. Give w(4).
-5
Let i(k) be the first derivative of k**3/3 - 6*k - 3. Calculate i(0).
-6
Let w(f) = f**3 + 1 - 2*f - 4*f**2 - 1 - 1. Let v be (1 - 11) + (-3 - -4). Let n = v - -13. Determine w(n).
-9
Let h(f) = -f - 11. Let t = 90 - 103. What is h(t)?
2
Let r be (-120)/(-15) - (-4)/(-2). Let f(v) = -v + 8. What is f(r)?
2
Let q(p) = -2*p - 5. Suppose 5*b + 17 + 15 = -o, -4*b = 20. Let h = -7 - o. Suppose 0 = -h*x - x - 4. Calculate q(x).
3
Let p(u) = -u**3 + 4*u**2 + 5*u + 5. Let m(i) = -i**2 + 2. Let l be m(-3). Let o = -2 - l. Calculate p(o).
5
Suppose 5*j = 2*d + 45, -3*j = 2*j - 4*d - 55. Let w(m) = -m + 1. Give w(j).
-6
Let d(n) = 4*n**2 + 3*n + 5. Let y(o) = 4*o**2 + 2*o + 4. Let q(p) = 3*d(p) - 4*y(p). What is q(1)?
-4
Suppose 4*f = -0*f + 20. Suppose f*i + 13 = 6*i. Let x(s) = i - 11 - 9*s + s**2 + 3*s. Give x(4).
-6
Let w = 328 + -327. Let o(m) = -3*m + 4*m - m**2 - m**2. What is o(w)?
-1
Let h(n) = 2*n**2 + n - 1. Suppose 5*s = 20*s + 45. Determine h(s).
14
Let b(l) = l - 10. Suppose -s = 2*n + 3, -5*s - 15 = -n - 0. Give b(n).
-10
Let y be 22/(-8) - 2/8. Let h(g) = g**2 + g. Let r(c) = c**2 + 2*c + 4. Suppose -o = 4*j - 0*o - 6, -3*j = -4*o + 5. Let q(i) = j*r(i) - 2*h(i). What is q(y)?
-5
Let y(h) = 9*h**2 + 0*h**2 + h**2 - h. Suppose 0 = -j + 4, 5*g - 15 = -5*j. Determine y(g).
11
Suppose 10 + 18 = 7*j. Let t(m) = m - 5. Calculate t(j).
-1
Let r(s) = -s + 2*s - 9 + 3*s**2 - 4*s**2 + 1. Give r(0).
-8
Let o(f) be the first derivative of -f**4/24 + 2*f**3/3 - 4*f**2 + 7. Let a(d) be the second derivative of o(d). Give a(0).
4
Let y(o) be the second derivative of -1/3*o**3 - 5/12*o**4 - 1/20*o**5 + 0 + o**2 + 6*o. Determine y(-4).
-6
Suppose 3*j - 3*o = 2*o - 6, -j = 5*o - 18. Let t(l) = -l**2 + 4*l - 1. What is t(j)?
2
Let l be ((-12)/10)/(2/10). Let h(z) be the first derivative of -z**4/4 - 5*z**3/3 + 7*z**2/2 + 7*z + 1. Determine h(l).
1
Let g(z) = -z**3 - 6*z**2 + 9*z + 8. Suppose j - 53 = 5*h - 2*j, -5*h + 5*j = 45. Let o = h - -6. What is g(o)?
-6
Let w(y) be the first derivative of -y**4/4 - y